 the greatest common divisor of q and 98?
14
Let i(v) = 6*v - 3. Let w be i(5). Let h be 1638/w*6/4. Suppose -g = -2 - 11. What is the greatest common divisor of g and h?
13
Let z = -94 - -142. Suppose 4*q = x - 32, q - 92 = -5*x + 4*q. What is the greatest common divisor of z and x?
16
Let w(m) be the second derivative of 1/12*m**4 + 4*m + 3/2*m**2 + 0 - m**3. Let a be w(9). What is the greatest common factor of 270 and a?
30
Let g be ((-3)/(-1))/(945/(-168) - -6). Let t(p) = -p**3 - 5*p**2 - 7*p - 4. Let x be t(-4). Calculate the greatest common factor of x and g.
8
Let b be (-20 + (-2)/(-2))/(-1). Suppose 4*m + 4 = 0, -v = -0*m + 2*m - 1024. Let t be (-1 + 0)/((48/v)/(-8)). Calculate the greatest common divisor of t and b.
19
Let p be ((-210)/(-3) - -6) + 0/(-4). Calculate the highest common factor of p and 304.
76
Let u(i) = 3*i + 64. Let l be u(-19). What is the highest common divisor of l and 616?
7
Let m(d) = -d - 3. Let f be m(-5). Suppose -f + 1 = -n. Let u be -2 + (12/(-70))/(28/(-70))*7. What is the highest common factor of u and n?
1
Suppose -32 = 7*h - 305. What is the greatest common factor of h and 6?
3
Suppose c - 79 = -0*j - 5*j, -2*j + 289 = 3*c. Suppose 2*r - 3 + 37 = 0. Let u = r - -26. What is the highest common divisor of c and u?
9
Let q be (17 - (2 - -2))*1. Suppose -x + 5*x - 12 = 0. Let u be 141 + (x - (1 - 0)). What is the greatest common divisor of u and q?
13
Suppose 15*q = 16*q - 4*x - 9, q - 9 = x. Calculate the highest common divisor of 36 and q.
9
Let v be (-4)/6*(-621)/6. Suppose 3*j - v = -0*j. Suppose -h + 2 + j = 0. Calculate the highest common divisor of 10 and h.
5
Let d(x) = 17*x**2 - x - 2. Let r be d(2). Suppose -6*l - r = -448. Calculate the highest common divisor of 8 and l.
8
Let c(n) = -3*n - 34. Let k be c(-14). What is the greatest common factor of 24 and k?
8
Suppose 0 = 13*f - 3*f - 1120. Calculate the greatest common divisor of 14 and f.
14
Suppose -27 = 7*w - 8*w + t, -4*w + 84 = 4*t. What is the greatest common divisor of w and 15?
3
Let q be 1 + (3 + 68/(-8))*-2. Let p = -21 + 24. Calculate the greatest common factor of p and q.
3
Suppose -5*w - 958 = -2*f - 7*w, -4*w = 3*f - 1432. What is the highest common factor of f and 22?
22
Suppose 4*j = 5*j - 4. Let y(k) = -k**3 - 4*k**2 + 5*k + 6. Let x be y(-5). Let o be 217/x + 25/(-150). Calculate the highest common factor of o and j.
4
Suppose -d - 5*w = 73, -5*d = -2*w + 3*w + 437. Let s = -83 - d. Calculate the highest common factor of 40 and s.
5
Suppose -x = 2*t - 102 + 45, -4*x - 20 = 0. Calculate the greatest common divisor of 899 and t.
31
Let y be 5/(-1)*4/(-5). What is the greatest common divisor of 2 and y?
2
Let u = -304 - -312. What is the greatest common divisor of u and 8?
8
Let s be 4 + -8 + (4 - 9/3). Let m be (s + 4)*1*2. Calculate the greatest common factor of m and 22.
2
Suppose -2*i - 44 = -6*i. Let z be 252/(-147)*(i/(-2) + 2). What is the highest common divisor of 12 and z?
6
Let d(k) be the second derivative of 0 - 16/3*k**3 + 0*k**2 - k. Let l be d(-1). Calculate the highest common divisor of 8 and l.
8
Suppose 2*i + 0 + 14 = -2*f, i + 3*f = -7. Let x = 19 - i. What is the greatest common divisor of 104 and x?
26
Let f(z) = 6*z**2 - 2*z - 2. Let g be f(2). Let l be -2 - 1 - 22*1. Let d = 31 + l. What is the highest common divisor of d and g?
6
Let h(p) = p**3 + 70*p**2 - 223*p - 274. Let w be h(-73). What is the greatest common factor of w and 450?
18
Suppose -3*z + 12 = 3*f, -5*f + 0*z + 26 = -z. Calculate the greatest common divisor of 8 and f.
1
Let w be ((-9)/(-12))/(1/4). Let p be (-1)/((1/4)/(297/(-36))). What is the highest common divisor of p and w?
3
Let d be (-117)/(-4) + (-11)/(836/(-57)). Calculate the greatest common divisor of 30 and d.
30
Let f be (-3)/4 - 23498/(-248). Calculate the highest common factor of f and 2.
2
Let g be 31 - 13 - (-9 - 1/(-1)). Suppose -3*z + 480 = 12. Calculate the greatest common factor of g and z.
26
Suppose -4*i + 2664 = -3*z, 210 = 4*i + 3*z - 2454. Calculate the greatest common factor of 74 and i.
74
Let n(b) be the third derivative of -b**4/24 + 25*b**3/6 + 5*b**2. Let u be n(13). Let r be (-510 - 2)*(-6)/u. What is the highest common divisor of r and 32?
32
Suppose -96 - 96 = -q. Let u = -202 + 250. Calculate the highest common divisor of q and u.
48
Let h be 10/2*(-27)/(-15). Suppose -u - h*u + 150 = 0. Suppose 4*y - 2*n - 6 = 10, 5*y = 4*n + 23. What is the highest common divisor of u and y?
3
Suppose -6 = 3*g - 4*g. Suppose 5*a + 190 = g*a. Calculate the greatest common factor of 38 and a.
38
Let y(k) = k + 5. Let w be y(0). Let p = -1552 + 1567. What is the highest common divisor of p and w?
5
Suppose -7*n + 595 = 2*d + 153, 4*n + 1019 = 5*d. What is the greatest common divisor of 276 and d?
69
Let g be (-17)/51 + 57/9 + -2. Calculate the greatest common divisor of 58 and g.
2
Let j be 4/((-4)/(-3)) + 2. Suppose -j*x = 15 - 245. What is the greatest common factor of x and 368?
46
Suppose -96 = -7*j + 184. Let q(k) = k**2 - 4*k + 4. Suppose 0 = 3*w - 2*w - 6. Let p be q(w). What is the greatest common factor of p and j?
8
Suppose 6*s - 2*s = -3*u - 7, 4*s + 2 = 2*u. Let o be s + 2 + 11 + 4. Calculate the greatest common factor of 176 and o.
16
Let c(w) = -11*w**3 + 44*w**2 + 2. Let i be c(4). Let n be -4*(2 - 10/4). What is the highest common factor of n and i?
2
Suppose 4*x + x = 3*j + 19, 3*x - 19 = -2*j. Suppose -i = -j*v + 20, v - 4*v + 30 = i. What is the highest common factor of 10 and v?
10
Let m(i) = -i**2 - 37*i + 7. Let z be m(-35). Suppose 3*k - 22 = k. What is the greatest common factor of z and k?
11
Let w = -4 - 8. Let i be w/(-20) - 410/(-25). Let r be ((-4)/6)/((-2)/51). Calculate the highest common divisor of r and i.
17
Suppose -440 = -7*d + 2*d. Suppose 0 = -2*u - 4*j + 10, 4*u + 59 = 8*u - 5*j. What is the highest common divisor of u and d?
11
Let l be (-15)/25 + (-126)/(-10). Let t(c) = -96*c**3 - c**2 + c + 2. Let v be t(-1). Calculate the highest common divisor of v and l.
12
Let a(k) = -k**3 - k + 14. Let v be a(0). Suppose -17*x = -19*x - 4. Let f = v + x. What is the greatest common divisor of f and 48?
12
Let d be (-8)/(-28) + 4/(-14). Suppose d = m + m. Suppose 0 = f - 4 - m. What is the highest common divisor of 16 and f?
4
Suppose 0 = 2*b - 4 + 12. Let u(c) = c**3 + 4*c**2 - 4*c - 1. Let t be u(b). What is the highest common divisor of t and 60?
15
Let h = -10 - -29. Let v = h + 11. Suppose -5*o = -c + 35, 5*c + 4*o - 3*o - 45 = 0. Calculate the highest common factor of c and v.
10
Let n(j) = -j + 5. Let a be n(-3). Suppose s - 7 = a. Calculate the highest common divisor of 105 and s.
15
Suppose j - 351 = q, 4*j - 10*q - 1380 = -14*q. Calculate the highest common factor of j and 4.
4
Let k = -6 - 2. Let d(q) = -6*q - 12. Let h be d(k). Calculate the highest common divisor of h and 18.
18
Let o be (-4 + 8)*230/(-8). Suppose -210 = f + 4*c, -f = f + 5*c + 420. Let z = o - f. Calculate the highest common factor of 19 and z.
19
Suppose k - 29 = 2*g, -5*k + 4*g = 8*g - 103. What is the greatest common factor of 391 and k?
23
Suppose 0 = -2*u, 2*c = c + 2*u + 150. What is the highest common factor of c and 12?
6
Let x = 15 - 28. Let o = -1 - x. What is the greatest common divisor of 108 and o?
12
Let c = -103 - -181. Suppose -16*w + 1352 = 10*w. What is the highest common factor of w and c?
26
Let g = 1 + 0. Let j(w) = 5*w**2 - 214*w - 435. Let y be j(-2). What is the greatest common divisor of g and y?
1
Let d be ((-16)/(-24))/(2/195). Let m = d - 30. Suppose 2*r = 7*r - 70. What is the greatest common divisor of r and m?
7
Let z = 943 - 565. What is the greatest common factor of 168 and z?
42
Suppose -9*h = -3*h - 102. What is the highest common factor of 68 and h?
17
Suppose 17 = 3*m + 4*o - 0, -2 = -4*m + 5*o. Let s be (1 + 16)*m/3. What is the greatest common divisor of 34 and s?
17
Suppose 0 = -5*c + 33 + 22. Suppose 10*d - 719 = 51. What is the greatest common factor of c and d?
11
Let r = -19 - -26. Let s = -62 - -111. Calculate the highest common divisor of r and s.
7
Suppose 146*f - 98 = 132*f. What is the highest common factor of f and 3?
1
Let k be 3 + 9/(-6) - (-6)/4. Let m be (2/k)/(2/18). What is the highest common divisor of 1